et i(y) = -y + 1. Let x(z) = 5*i(z) - w(z). Calculate x(h).
-1
Let d = 8 + -3. Suppose y = 5*u - 11 - 0, d*y + 4*u = 3. Let g(w) = 2*w**3 - 5*w - 6. Let f(r) = r**3 - 4*r - 5. Let m(n) = 6*f(n) - 5*g(n). Determine m(y).
3
Let z(b) = -b**2 + 5*b - 1. Let g be (-2 - 0)*2/4. Let i(q) = 2*q - 1. Let t be i(g). Let l be t*(10/(-3))/5. Give z(l).
5
Let b(g) be the first derivative of 7*g**2 - g - 3. Calculate b(1).
13
Let a(x) be the second derivative of x**4/12 - x**3 + x**2 - x + 2. What is a(4)?
-6
Suppose 47 - 11 = 6*y. Let a(j) = j - 8. Give a(y).
-2
Let n(c) = -c**2 - 6*c + 6. Let l be (-3 + 6)/(27/6 + -5). Give n(l).
6
Let v(o) be the second derivative of 3*o**3/2 + o**2/2 + 3*o. Let i = 2 - 1. Let y = i + -2. Determine v(y).
-8
Let l(r) be the first derivative of r**3/3 + 2*r**2 - 4*r + 1. Let b = 13 - 8. Let v be 2/b*(1 + -11). Calculate l(v).
-4
Let z(o) = o**2 - 7*o - 7. Let i(q) = q**2. Let m(k) = -3*i(k) + z(k). What is m(-5)?
-22
Suppose 3*k + 6 = -0*k. Let y(n) = 28*n - 2 - 23*n + 3. Give y(k).
-9
Let a(u) = -u**2 + 6*u + 7. Suppose 4*o + 4 = -0, j = 3*o + 10. Determine a(j).
0
Let o(l) = 4*l - 12. Let q(b) = 7*b - 24. Let f(d) = 5*o(d) - 3*q(d). What is f(0)?
12
Let t be 0 - -1*4*2. Suppose d + m - 5 = 0, d + m - t = -m. Let w(s) = 7*s - s**d + 3 - 2 + 0 - 2*s. Calculate w(5).
1
Let l(x) = 7*x**2 - 9*x + 9. Let k(b) = 4*b**2 - 4*b + 4. Let t(p) = -5*k(p) + 3*l(p). Calculate t(5).
-3
Let a(w) be the second derivative of 1/6*w**3 - 1/12*w**4 - 3*w - 7/2*w**2 - 1/20*w**5 + 0. What is a(0)?
-7
Let t(b) = b**2 + 4*b + 2. Suppose 0 = -7*w + 8*w. Suppose 2*l + w*l = -10. Determine t(l).
7
Let c(d) = -6*d. Let j = -3 + -16. Let v be (-6)/2 - (15 + j). Calculate c(v).
-6
Let d(p) = 4*p - 2. Let f(y) = -5*y + 2. Let j(i) = -4*d(i) - 3*f(i). Let h = 17 + -12. Give j(h).
-3
Let b(y) be the third derivative of y**5/60 - 5*y**4/24 + y**3/3 + 5*y**2. Give b(3).
-4
Let l = -4 - -6. Let x be -1 + (-9)/(-3) + l. Let t(d) = 3*d - 4*d**3 + x*d**3 - 4*d**2 + d**3 - 1. Determine t(3).
-1
Let n(h) = 0*h + h - 5 - 1 - 2*h. Calculate n(-3).
-3
Let w be (26/10)/((-4)/(-20)). Let d(q) = 23*q - 9*q - 9 - w*q. What is d(7)?
-2
Let c(w) = -w**3 + 3*w**2 + 5*w + 3. Let t(h) = h - 2. Let y be ((-26)/(-8))/((-2)/8). Let v = -7 - y. Let k be t(v). Calculate c(k).
7
Let u be -1 - 0 - 1/1. Let i be ((u + 2)/(-1))/(-1). Let r(j) = 8 + 2 - 5 + j**2 + 2. What is r(i)?
7
Suppose -i = 4*v + 29, 0 = 4*v - 5*i + 2*i + 25. Let h = 5 + v. Let f(b) = -3*b - 2. Calculate f(h).
4
Suppose t + 2*o + 3*o = -23, -3*t = -3*o - 3. Let r(v) = v**2 + 4*v + 4. Calculate r(t).
1
Let s(b) = b + 15. Let q = 15 - 22. What is s(q)?
8
Let o(z) be the third derivative of z**4/12 - z**3/6 + 7*z**2. Suppose -2*m + 2 = -m. Suppose -m*n - 3*u = 16 - 3, 3*n = 4*u + 6. What is o(n)?
-5
Let u(q) = 4*q**3 + 3*q**2 - q + 17. Let f = -8 + 6. Let x(t) = t**3 + t**2 + 4. Let o(z) = f*u(z) + 9*x(z). Calculate o(-3).
-4
Let g(y) = -2*y**2 + 3*y - 1. Let r be g(2). Let d be 3/(18/4 + r). Let v(z) = 4*z**2 + z**3 - 6*z**d + 3 + 2*z**2 - z. Calculate v(0).
3
Let k(p) be the first derivative of 7*p**2/2 - 3. Let d be ((-4)/(-6))/(8/12). Give k(d).
7
Let v(a) = -a - 4. Let b be v(-5). Let s(d) = 6*d**3 - 3*d**2 - 1 + 3*d**2 + d**2 + 2*d - 3*d**2. Determine s(b).
5
Let l(t) = -t - 1. Let q be l(-2). Let j(o) = -8*o**2 - 9*o + 9. Let m(b) = 2*b**2 + 2*b - 2. Let i(z) = -2*j(z) - 9*m(z). Determine i(q).
-2
Let o = -13 - -20. Let c(a) = -a + 4. Let z be c(o). Let j(t) = t - 3. Give j(z).
-6
Let s(w) = w**3 - w**2 - 2. Let f be s(2). Let y(n) be the third derivative of -n**5/20 + n**4/12 + n**3/3 + n**2. What is y(f)?
-6
Suppose 0 = -4*k - 2*o + 34, 7*k - 4*k = 4*o + 9. Let v(f) be the second derivative of f**3/3 - 5*f**2 - 3*f. Determine v(k).
4
Let h(m) = 6*m - 5 + 5*m - 2. Let f(g) = 6*g - g - 2*g - 3 + 2*g. Let w(a) = 5*f(a) - 2*h(a). Calculate w(2).
5
Let u = -8 - -5. Let j(l) = l + 5. Determine j(u).
2
Suppose -24 = -4*i + 5*d + 4, 5*i + 4*d - 35 = 0. Let m = 2 - i. Let p(c) = -2*c**2 + 8 - 12 + 3*c**2 + 5*c. Determine p(m).
-4
Let s(j) = -9*j - 1. Let h(o) = -o**2 - 8*o + 10. Let y be h(-9). Determine s(y).
-10
Let m = -72 + 69. Let n(j) = -2*j. Give n(m).
6
Suppose u - 2*u + 3 = 0. Suppose -u*s + 0*s + 6 = 0. Let g(t) = -2*t**2 - 2*t + 3. What is g(s)?
-9
Let j(l) be the first derivative of -l**2/2 - l + 25. Determine j(4).
-5
Let n = -207 - -207. Let j(p) be the first derivative of p**3/3 - p**2/2 + 11*p - 1. Calculate j(n).
11
Let y(f) = -f**2 + 10*f - 7. Suppose 3*x + 2 = 2*v, -41 = -3*v - 0*v - 5*x. Calculate y(v).
14
Let t(j) = -5*j**3 - 8*j**2 + 6*j + 7. Let l(n) = -9*n**3 - 15*n**2 + 11*n + 13. Let x(z) = 6*l(z) - 11*t(z). Calculate x(3).
10
Let n(v) = -v**2 + 8*v - 5. Let q be (-120)/50 + 4/10. Let m be (3 - 2 - -2) + q. Suppose -3 = -u + m. What is n(u)?
11
Let h(y) = -y**2 + 2*y - 3. Suppose 0 = 2*j - 13 + 5. What is h(j)?
-11
Let b be (-27)/(-15) - (-2)/10. Let p(u) = 2 + 2*u - 3 + b. Let j(i) = -i**3 + 9*i**2 + 1. Let c be j(9). Calculate p(c).
3
Suppose 0 = 5*a - 25, 3*j = 2*a - a + 4. Suppose -3*v = j*l, 2*v + 1 = -3*l + 5. Let h(g) = -g. Let b(x) = -5*x - 5. Let m(d) = -b(d) + 4*h(d). Give m(l).
9
Let z(l) be the third derivative of -l**6/120 + l**5/20 + l**4/24 - l**3/2 - 9*l**2. What is z(3)?
0
Suppose d = -n - 32, 5*n + 5*d + 158 = 2*d. Let p = n - -64. Let w be p/(-9) - (-2)/3. Let h(b) = b**3 + 2*b**2 - 3*b - 1. Give h(w).
-1
Let v(u) = -u**2 + 6*u + 3. Let l be v(6). Let y(x) = -x**3 - l*x - 3*x + 7*x + x**2 - 3. Calculate y(0).
-3
Let x be 24/18 - 4/(-6). Suppose 0 = -x*r - 2 - 2. Let i(s) = s**3 + 6*s**2 + 2*s - 2. Determine i(r).
10
Let t(j) = -j**3 - 4*j**2 - 2. Suppose s = 2*a, s - a = 5*s + 18. Calculate t(s).
-2
Let x(z) = -3*z + 7. Let b(r) = 2*r - 3. Let s(t) = -5*b(t) - 2*x(t). Suppose -3*p + 4*h = 11, p - h + 5 = -2*p. Determine s(p).
5
Let r(t) = t + 1. Suppose 2*o - 7 = -5*y, 2*o + 3*o + 35 = -2*y. Let x(c) = -4*c - 4. Let f(n) = o*r(n) - 2*x(n). Determine f(-6).
5
Let p be 7/(-3) + 2/(-3). Let j(o) = 2*o + 6 + 2*o - 3 + 1. Give j(p).
-8
Let w(v) be the third derivative of -v**6/120 + v**5/12 - v**4/24 - v**3/3 - 9*v**2. Let o be (-8)/12 + (-34)/(-6). What is w(o)?
-7
Let g(h) = -h**2 - h - 2. Let b be (-11)/2 + 2/(-4). Let y(t) = -t**2 - 5*t + 4. Let k be y(b). Determine g(k).
-4
Let w be 3/2 + -6 + 7. Let p(o) be the second derivative of 1/12*o**4 + 0 + 2*o - w*o**2 + o**3. Give p(-5).
-10
Let i(w) = w**3 + 6*w**2 - 8*w - 7. Let k(s) = s**3 + 24*s**2 + s + 17. Let o be k(-24). Determine i(o).
0
Let g(d) be the first derivative of d**3/3 - 4*d**2 + 7*d - 1. Let u = -7 + 13. Determine g(u).
-5
Let h be 2/4 + 27/18. Let y(o) = -3 + 3*o - h*o - 4 + 0*o. Determine y(5).
-2
Let q(d) = d**2 + 6*d - 3. Let r be q(-6). Let n be (3/2)/(r/6). Let z be (-1)/(-3) - (-13)/n. Let j(m) = m**2 + 4*m - 5. Calculate j(z).
-5
Let a = 8 - 13. Let u(o) = o**3 + 4*o**2 - 6*o + 1. What is u(a)?
6
Suppose -k + w = 1, 4*w - 1 = -2*k + 21. Let s(x) be the second derivative of -x**3/2 + x**2 + 3*x. Calculate s(k).
-7
Let f(j) be the third derivative of 0*j + 0*j**3 - 1/24*j**4 - 2*j**2 + 0. Determine f(-3).
3
Let j(v) = -v**3 - 2*v**2 - 2*v - 2. Let x be (-3 + 1 - 3)*(-8)/(-20). Determine j(x).
2
Let f(j) be the third derivative of -j**5/60 - 7*j**4/24 - 6*j**2. Calculate f(-6).
6
Let p(m) be the second derivative of m**4/12 + 5*m**3/6 - m**2/2 - 3*m. What is p(-4)?
-5
Let h(y) be the second derivative of 2/3*y**3 + 1/12*y**4 - y + 0 + 3/2*y**2. What is h(-2)?
-1
Let h(p) = -p + 4. Let a(u) = 6*u**2 + 1. Let q be a(-1). Calculate h(q).
-3
Let p(s) be the first derivative of 2*s**2 + 7. Give p(2).
8
Let p(m) = -m + 7. Let a(s) = -4*s + 21. Suppose -9 = 4*k + 4*l + 15, 2 = l. Let x(j) = k*p(j) + 3*a(j). What is x(5)?
-13
Let n = 5 + 1. Let r = n + -2. Suppose -u = -r*u. Let p(i) = i**3 + i**2 + i + 8. What is p(u)?
8
Suppose 3 - 2 = q. Let i(n) = 20*n - q - 1 - n**3 + 6*n**2 - 24*n. Let y = 7 - 2. What is i(y)?
3
Let n be (-2 + 1)/((-2)/4). Let x = 4 + 11. Suppose n*w + x = -w. Let v(h) = -h**3 - 5*h**2 + h + 3. What is v(w)?
-2
Suppose 5*y = 1 + 14. Let t be y*(0 - 1) - 0. Let r(o) = 5*o**2 - o. Let w(p) = -11*p**2 + 3*p + 1. Let s(a) = -9*r(a) - 4*w(a). Determine s(t).
-4
Let w = -4 - -8. Let u(o) =